))?
3
Let f(v) = 38*v**2 + 4*v - 2. What is the units digit of f(3)?
2
Let r = -124 + 898. Suppose 7*q + r = 13*q. What is the hundreds digit of q?
1
Let n be (-50)/(-4)*32/(-10). Let w = -12 - -81. Let a = n + w. What is the tens digit of a?
2
Suppose -j + 2 = 1, 2*f = 4*j + 768. What is the tens digit of f?
8
Let p be ((-1)/(-2))/(13/1326). Suppose -p + 3 = -q. What is the units digit of q?
8
Let x(i) = i**2 + 5*i - 6. Let c be x(3). Let p = c - 18. Suppose 5*b - 125 = -p*b. What is the tens digit of b?
2
Let n(f) = -4*f**2 + f - 2. Let u be n(1). Let z be (-1 - u)*(-18)/(-24). Suppose -3*t + 11 = 4*y, -3 = 3*t - 6*y + z*y. What is the units digit of t?
1
Suppose -12 = -4*p, -18 = 5*h + 4*p - 5*p. Suppose 7 = -2*r + 19. What is the units digit of h*r/(-27)*6?
4
Let b = -999 + 2138. What is the tens digit of b?
3
Suppose a + 8 = -c + 111, -a = -3*c + 321. Suppose -4*d + 0*y - 5*y = 234, -5*y = -5*d - 315. Let u = c + d. What is the tens digit of u?
4
Suppose -5*h + 3*a + 50 = -2*a, -a - 1 = 0. What is the units digit of h?
9
Let o = -356 + 609. What is the units digit of o?
3
Let s = -1385 + 3693. What is the units digit of s?
8
Let m(z) = -z**2 + 10*z. Let y be m(8). Let s = 64 + y. What is the units digit of s?
0
Let w(s) = 6*s**3 - 6*s**2 - 6*s + 7. Let i(m) = -m**3 + m**2 - 1. Let j(r) = -5*i(r) - w(r). What is the units digit of j(-4)?
4
Suppose -67 = t + 22. Let b = t - -125. What is the units digit of b?
6
Let q(b) = b**2 - 39*b + 61. What is the thousands digit of q(-26)?
1
Suppose 0 = 13*a - 2755 - 1288. What is the hundreds digit of a?
3
Suppose 418 = -j + 2095. What is the thousands digit of j?
1
Suppose b = -3, 3*b + 9 = u + 2*u. Let w be u/(-1)*(7 + -8). Suppose 9*k - 7*k - 60 = w. What is the tens digit of k?
3
Let h(j) = -j**3 + 21*j**2 - 51*j - 1. What is the hundreds digit of h(11)?
6
Suppose -2*t + 106 - 356 = -5*f, -197 = -4*f + t. What is the units digit of f?
8
Suppose g = 4, 2*g = -3*k - 3*g + 74. Let m = -3 - -6. Suppose 37 = m*q - 4*a - k, 74 = 4*q - 5*a. What is the units digit of q?
1
Let s(d) be the second derivative of 29/12*d**4 - 4*d + 0 + 1/2*d**2 + 1/6*d**3. What is the units digit of s(-1)?
9
Suppose 23*g = 24*g + 7. Let n = 65 - g. What is the units digit of n?
2
Let x be (-1510)/(-40) + 2/(-8)*-1. Suppose 34*i + 848 = x*i. What is the tens digit of i?
1
Suppose 3*t - g = -31 + 90, 5*t + 4*g = 104. Suppose 24*z - t*z - 84 = 0. What is the tens digit of z?
2
Suppose -6 + 2 = -g. Suppose 2*w + g*r = 5*w - 344, -r + 4 = 0. What is the tens digit of w?
2
Let m(y) = y**3 - 32*y**2 - 48*y + 47. What is the hundreds digit of m(34)?
7
Let p(v) = 20*v**3 - 7*v**2 + 6*v + 3. What is the hundreds digit of p(3)?
4
Let a(f) = 14 + 4*f**2 - f**3 - f - 24 + 9. Let s be a(3). Suppose 70 = s*o - 60. What is the tens digit of o?
2
Let q(j) = 34*j - 16. Let w be q(-1). Suppose -4*g - 135 = 201. Let n = w - g. What is the tens digit of n?
3
Let u(q) = -q**3 + 14*q**2 + 14*q + 15. Let c be u(15). Suppose c = 4*p + 1 - 45. What is the tens digit of p?
1
Let z be (-50)/(-5)*(-10)/4. Let m be ((-6)/(-5))/((-5)/z). What is the units digit of m/(-15)*(-10)/4?
1
Let i(q) = -16 - 15*q - q - 2. What is the tens digit of i(-6)?
7
Suppose 3*p - 1764 = -9*p. What is the units digit of p?
7
Let y(j) = 20*j**2 + 8*j - 7. What is the tens digit of y(1)?
2
Suppose 2*q = -q + 9. Suppose 0 = c + 7 - q. Let m = c - -14. What is the units digit of m?
0
Suppose 2*q + 3 = 4*s + 13, -q = 3. Let o(t) = -t**2 - 7*t - 10. Let z be o(s). What is the tens digit of 43/(z*(-2)/(-4))?
4
Let f be (10/15)/((-2)/3). What is the units digit of (-1)/f + 4/2?
3
Let n = 17 - 37. Let d = n + 61. What is the units digit of d?
1
Suppose 1 = -11*c + 1. Suppose c = 48*u - 44*u - 1216. What is the hundreds digit of u?
3
Let q = -160 - -152. Let l be (-70)/(-4)*(-16)/(-20). Let j = q + l. What is the units digit of j?
6
Suppose 2*p + 14 = 2*y, -5*y = 3*p - 0 - 3. Suppose 3*c = -h - 0*c + 32, 3*c = y*h - 84. Let l = 44 - h. What is the units digit of l?
5
Let b(t) = 2*t**3 - 6*t**2 + 11*t + 18. What is the tens digit of b(7)?
8
Suppose -2*j - 4*r + 3162 = 0, -2*r + 7*r = -5. What is the tens digit of j?
8
Let f be (-906)/(-9) - 8/(-6). Let l be 2/(-17) - (-12456)/f. Let w = l - 68. What is the units digit of w?
4
What is the tens digit of ((-30)/9)/(-10) + 2141/3?
1
Let c be 51*1 - (0 + 1). Let i(k) = -8*k. Let o be i(3). Let p = o + c. What is the units digit of p?
6
Let x = -1247 + 1632. What is the units digit of x?
5
Suppose -k = 2*l - 4628, -2*l = -5*k + k - 4628. What is the thousands digit of l?
2
Suppose 5*a - 20 = -0*a, 106 = 5*o + 4*a. Let h = 175 - 71. What is the units digit of h/o + (-4)/(-18)?
6
Suppose 34*v - 4447 = 30*v - f, -5*f - 3341 = -3*v. What is the thousands digit of v?
1
Let j = 18 - 24. Let n = 1 - j. What is the units digit of n?
7
Let a(s) = s + 12. Let g be a(-9). Suppose -g*z - 159 = -4*t + t, 2*z - 38 = -t. What is the tens digit of t?
4
What is the units digit of 949 + 7 + (-72)/6?
4
Suppose 0 = 2*p - 6*p + 5*z - 19, -3*p = -2*z + 9. Let s(v) = -13*v**3 - 2*v**2 - 3*v - 2. Let y be s(p). What is the units digit of (16/y)/((-1)/(-12))?
6
Suppose 8*l - 7*l = -20. What is the units digit of (-184)/l - 2/10?
9
Let g(x) = -43*x + 8. Let d be g(3). Let y = 128 + d. What is the units digit of y?
7
Suppose 7*r + 6616 = 31536. What is the thousands digit of r?
3
Let r be (2/(-4))/(5/(-30)). Suppose 5*o + 19 = -h, r*o + 0*o + 21 = -3*h. Let f = 7 - o. What is the units digit of f?
0
Let l be (14/5)/(4/10). Let f(r) = r - r - 4 + l*r. What is the tens digit of f(3)?
1
Let u(t) = 2*t**2 + 5*t - 9. Let q be u(-13). Let b = -39 + q. What is the hundreds digit of b?
2
Suppose 91 + 9 = 5*n. Suppose -2*g + 2*m + n = 0, 6*g - 3*g = -4*m + 16. What is the units digit of g?
8
Let f(a) be the third derivative of a**5/60 + 3*a**4/4 + 10*a**3/3 + 7*a**2. Let r be f(-17). Suppose 2*n = 117 + r. What is the units digit of n?
0
Suppose -h - 4 = -0*h, -3*u = -3*h - 87. Suppose 3*k - 2*k = u. What is the tens digit of k?
2
Let m(y) = y**2 - 19*y + 24. What is the units digit of m(22)?
0
Let l = 10430 + -6852. What is the units digit of l?
8
Let p = 1028 + -963. What is the tens digit of p?
6
Suppose -d + 14 = 3*w, -d = 4*w - 6*w + 1. Suppose -d*u - 30 = -5*n, 0*u + u - 18 = -2*n. Suppose n = 4*z - 8. What is the units digit of z?
4
Suppose 2*b + 715 = 3*b - q, -3*q - 723 = -b. What is the units digit of b?
1
Let o(z) = 2*z**2 - 6*z + 6. Let r be (-12)/66 - 237/(-33). Let q be o(r). Let p = -36 + q. What is the units digit of p?
6
What is the tens digit of 2061/18 - 2/4?
1
Let y = -368 - -394. What is the tens digit of y?
2
Suppose 0 = 78*y - 91*y + 6903. What is the tens digit of y?
3
What is the units digit of ((-306)/(-27) + -8)/(2/534)?
0
Let a(g) = 14*g**2 - 4*g + 6. Suppose 0 = 12*v - 36. What is the hundreds digit of a(v)?
1
Let u be 0 + 1 - 12/(-3). Suppose 0 = 6*q - u - 7. Suppose 44 = 4*b - 0*c - 4*c, 4 = -b - q*c. What is the units digit of b?
6
Let z be 2695/15 - -3 - (-1)/3. Suppose -22*p + 19*p + z = 0. What is the units digit of p?
1
Let h = 8 + -13. Let k(o) = -o**3 - 5*o**2. Let d be k(h). Suppose -3*p + 5*p - 90 = d. What is the tens digit of p?
4
Suppose 0*r - 4*r = -32. Suppose 3*j - 2*k = r, 3*k = -3*j - 5 - 7. Suppose -1 = -i, 2*u - i - 2*i - 1 = j. What is the units digit of u?
2
Let m = 9 - -7. Let i = 23 - m. What is the units digit of i?
7
Suppose 3*w - 5*h - 106 - 82 = 0, 3*h = -3. Suppose -2*y + 2*p + 114 = 0, w = y - 0*p + 3*p. Suppose -1 = 3*a - y. What is the tens digit of a?
1
Suppose k - 255 = -2*f, 5*k - 3*f - 1290 = 2*f. Suppose -3*g - k = -3*x - 5*g, 4*x - 2*g - 352 = 0. What is the tens digit of x?
8
Let l = 7061 + -3211. What is the thousands digit of l?
3
Let y(p) = -47*p - 27. What is the tens digit of y(-1)?
2
Suppose 5*f = 6*f + 61. Let v = 183 + f. What is the tens digit of v?
2
Let a(k) = -4*k + 2. Let b(r) = -r**2 - 8*r + 12. Let p be b(-9). Let x be a(p). What is the units digit of (-65)/x + 2/4?
7
Let n(c) = 9*c - 18. Suppose -2*m - 2*a = -20, 2*m - 5*a - 76 = -2*m. What is the hundreds digit of n(m)?
1
What is the hundreds digit of ((-78)/65)/(6/(-3795))?
7
Suppose -16*b + 25165 = 19*b. What is the hundreds digit of b?